{"id":425,"date":"2023-10-02T09:48:24","date_gmt":"2023-10-02T09:48:24","guid":{"rendered":"https:\/\/musesfestival.com\/quienes-somos\/"},"modified":"2024-09-25T17:10:56","modified_gmt":"2024-09-25T17:10:56","slug":"quienes-somos","status":"publish","type":"page","link":"https:\/\/musesfestival.com\/es\/quienes-somos\/","title":{"rendered":"Quienes somos"},"content":{"rendered":"\t\t<div data-elementor-type=\"wp-page\" data-elementor-id=\"425\" class=\"elementor elementor-425 elementor-140\" data-elementor-post-type=\"page\">\n\t\t\t\t<div class=\"elementor-element elementor-element-61a25d1 e-con-full e-flex e-con e-parent\" data-id=\"61a25d1\" data-element_type=\"container\" data-e-type=\"container\">\n\t\t<div class=\"elementor-element elementor-element-d83640c e-con-full e-flex e-con e-child\" data-id=\"d83640c\" data-element_type=\"container\" data-e-type=\"container\">\n\t\t\t\t<div class=\"elementor-element elementor-element-70dd213 elementor-widget elementor-widget-heading\" data-id=\"70dd213\" data-element_type=\"widget\" data-e-type=\"widget\" data-widget_type=\"heading.default\">\n\t\t\t\t<div class=\"elementor-widget-container\">\n\t\t\t\t\t<h1 class=\"elementor-heading-title elementor-size-default\">Quienes somos<\/h1>\t\t\t\t<\/div>\n\t\t\t\t<\/div>\n\t\t\t\t<div class=\"elementor-element elementor-element-f18a9a9 elementor-widget elementor-widget-text-editor\" data-id=\"f18a9a9\" data-element_type=\"widget\" data-e-type=\"widget\" data-widget_type=\"text-editor.default\">\n\t\t\t\t<div class=\"elementor-widget-container\">\n\t\t\t\t\t\t\t\t\t<p class=\"p1\">Alma es una entidad con un mismo ideal: igualdad y empoderamiento. Con una amplia experiencia, hemos logrado crear, apoyar y dirigir diversos proyectos que abarcan la m\u00fasica, la gastronom\u00eda, la tierra, la naturaleza y, lo m\u00e1s importante, las personas.<\/p>\n<p class=\"p1\">Llevamos trabajando en el mundo de la cultura desde finales de los a\u00f1os 90, desde el asociacionismo hasta la empresa privada y las instituciones p\u00fablicas.<\/p>\n<p class=\"p1\">Con m\u00e1s de 20 a\u00f1os de experiencia organizando eventos de peque\u00f1o y gran formato, tenemos un amplio conocimiento de la industria cultural, ya que hemos creado y consumido cultura a lo largo de los a\u00f1os. Esta experiencia es lo que ha inspirado la creaci\u00f3n de Muses (escena musical femenina).  Con este proyecto, queremos contribuir al movimiento de resaltar la voz femenina en los escenarios como principal valor de creaci\u00f3n.<\/p>\n<p class=\"p1\">La m\u00fasica ha sido el motor de nuestras vidas, la pasi\u00f3n por vivir, aprender, crecer, respetar y entender otras culturas y formas de vida. Creemos en un mundo igualitario donde todos puedan expresarse con respeto.<\/p>\n<p class=\"p1\">Todas estas inquietudes enriquecen Alma con las personas que nos rodean.<\/p>\n<p class=\"p1\">Alma es sonrisa, disfrute, conocimiento y aprendizaje.<\/p>\n\t\t\t\t\t\t\t\t<\/div>\n\t\t\t\t<\/div>\n\t\t\t\t<\/div>\n\t\t<div class=\"elementor-element elementor-element-8133995 e-con-full e-flex e-con e-child\" data-id=\"8133995\" data-element_type=\"container\" data-e-type=\"container\" data-settings=\"{&quot;background_background&quot;:&quot;classic&quot;}\">\n\t\t\t\t<div class=\"elementor-element elementor-element-a524166 elementor-view-default elementor-widget elementor-widget-icon\" data-id=\"a524166\" data-element_type=\"widget\" data-e-type=\"widget\" data-widget_type=\"icon.default\">\n\t\t\t\t<div class=\"elementor-widget-container\">\n\t\t\t\t\t\t\t<div class=\"elementor-icon-wrapper\">\n\t\t\t<div class=\"elementor-icon\">\n\t\t\t<svg xmlns=\"http:\/\/www.w3.org\/2000\/svg\" xmlns:xlink=\"http:\/\/www.w3.org\/1999\/xlink\" id=\"Capa_1\" x=\"0px\" y=\"0px\" viewBox=\"0 0 425.2 198.4\" style=\"enable-background:new 0 0 425.2 198.4;\" xml:space=\"preserve\"> <style type=\"text\/css\"> .st0{clip-path:url(#SVGID_2_);} <\/style> <path d=\"M336.9,88.7l15.2-43l15.1,43H336.9z M388.8,116.2l-30.5-83.6c-0.4-1-1.2-1.5-2.2-1.5h-7.8c-1,0-1.9,0.5-2.2,1.5l-30.5,83.6 c-0.5,1.2,0.1,2.1,1.5,2.1h8c1,0,1.7-0.4,2.1-1.5l6.4-18.1h37.5l6.4,18.1c0.4,1.1,1.1,1.5,2.1,1.5h8 C388.6,118.3,389.3,117.4,388.8,116.2 M293.6,46.9h-10.1c-1,0-1.9,0.4-2.2,1.2l-30,72.8L221,48.1c-0.4-0.9-1.2-1.2-2.2-1.2h-9.8 c-1.1,0-1.9,0.7-1.9,1.9v83.5c0,1.1,0.7,1.9,1.9,1.9h7.8c1.1,0,1.9-0.7,1.9-1.9V69.4l26.5,63.3c0.4,1,1.1,1.4,2.1,1.4h7.7 c1,0,1.7-0.4,2.1-1.4l26.8-63.9v63.4c0,1.1,0.7,1.9,1.9,1.9h7.8c1.1,0,1.9-0.7,1.9-1.9V48.8C295.5,47.6,294.7,46.9,293.6,46.9 M183.6,139.3h-31.5V64.5c0-1.1-0.7-1.9-1.9-1.9h-7.8c-1.1,0-1.9,0.7-1.9,1.9V148c0,1.1,0.7,1.9,1.9,1.9h41.2c1.1,0,1.9-0.7,1.9-1.9 v-6.9C185.4,140,184.7,139.3,183.6,139.3 M68.7,136l15.2-43L99,136H68.7z M120.5,163.6L90,80c-0.4-1-1.2-1.5-2.2-1.5h-7.8 c-1,0-1.9,0.5-2.2,1.5l-30.5,83.6c-0.5,1.2,0.1,2.1,1.5,2.1h8c1,0,1.7-0.4,2.1-1.5l6.4-18.1h37.5l6.4,18.1c0.4,1.1,1.1,1.5,2.1,1.5 h8C120.4,165.7,121,164.8,120.5,163.6\"><\/path> <\/svg>\t\t\t<\/div>\n\t\t<\/div>\n\t\t\t\t\t\t<\/div>\n\t\t\t\t<\/div>\n\t\t\t\t<\/div>\n\t\t\t\t<\/div>\n\t\t\t\t<\/div>\n\t\t","protected":false},"excerpt":{"rendered":"<p>Quienes somos Alma es una entidad con un mismo ideal: igualdad y empoderamiento. Con una amplia experiencia, hemos logrado crear, apoyar y dirigir diversos proyectos que abarcan la m\u00fasica, la gastronom\u00eda, la tierra, la naturaleza y, lo m\u00e1s importante, las personas. Llevamos trabajando en el mundo de la cultura desde finales de los a\u00f1os 90, [&hellip;]<\/p>\n","protected":false},"author":1,"featured_media":0,"parent":0,"menu_order":0,"comment_status":"closed","ping_status":"closed","template":"","meta":{"footnotes":""},"class_list":["post-425","page","type-page","status-publish","hentry"],"_links":{"self":[{"href":"https:\/\/musesfestival.com\/es\/wp-json\/wp\/v2\/pages\/425","targetHints":{"allow":["GET"]}}],"collection":[{"href":"https:\/\/musesfestival.com\/es\/wp-json\/wp\/v2\/pages"}],"about":[{"href":"https:\/\/musesfestival.com\/es\/wp-json\/wp\/v2\/types\/page"}],"author":[{"embeddable":true,"href":"https:\/\/musesfestival.com\/es\/wp-json\/wp\/v2\/users\/1"}],"replies":[{"embeddable":true,"href":"https:\/\/musesfestival.com\/es\/wp-json\/wp\/v2\/comments?post=425"}],"version-history":[{"count":2,"href":"https:\/\/musesfestival.com\/es\/wp-json\/wp\/v2\/pages\/425\/revisions"}],"predecessor-version":[{"id":1086,"href":"https:\/\/musesfestival.com\/es\/wp-json\/wp\/v2\/pages\/425\/revisions\/1086"}],"wp:attachment":[{"href":"https:\/\/musesfestival.com\/es\/wp-json\/wp\/v2\/media?parent=425"}],"curies":[{"name":"wp","href":"https:\/\/api.w.org\/{rel}","templated":true}]}}

<div data-elementor-type="wp-page" data-elementor-id="425" class="elementor elementor-425 elementor-140" data-elementor-post-type="page">
				<div class="elementor-element elementor-element-61a25d1 e-con-full e-flex e-con e-parent" data-id="61a25d1" data-element_type="container" data-e-type="container">
		<div class="elementor-element elementor-element-d83640c e-con-full e-flex e-con e-child" data-id="d83640c" data-element_type="container" data-e-type="container">
				<div class="elementor-element elementor-element-70dd213 elementor-widget elementor-widget-heading" data-id="70dd213" data-element_type="widget" data-e-type="widget" data-widget_type="heading.default">
				<div class="elementor-widget-container">
					<h1 class="elementor-heading-title elementor-size-default">Quienes somos</h1>				</div>
				</div>
				<div class="elementor-element elementor-element-f18a9a9 elementor-widget elementor-widget-text-editor" data-id="f18a9a9" data-element_type="widget" data-e-type="widget" data-widget_type="text-editor.default">
				<div class="elementor-widget-container">
									<p class="p1">Alma es una entidad con un mismo ideal: igualdad y empoderamiento. Con una amplia experiencia, hemos logrado crear, apoyar y dirigir diversos proyectos que abarcan la música, la gastronomía, la tierra, la naturaleza y, lo más importante, las personas.</p>
<p class="p1">Llevamos trabajando en el mundo de la cultura desde finales de los años 90, desde el asociacionismo hasta la empresa privada y las instituciones públicas.</p>
<p class="p1">Con más de 20 años de experiencia organizando eventos de pequeño y gran formato, tenemos un amplio conocimiento de la industria cultural, ya que hemos creado y consumido cultura a lo largo de los años. Esta experiencia es lo que ha inspirado la creación de Muses (escena musical femenina).  Con este proyecto, queremos contribuir al movimiento de resaltar la voz femenina en los escenarios como principal valor de creación.</p>
<p class="p1">La música ha sido el motor de nuestras vidas, la pasión por vivir, aprender, crecer, respetar y entender otras culturas y formas de vida. Creemos en un mundo igualitario donde todos puedan expresarse con respeto.</p>
<p class="p1">Todas estas inquietudes enriquecen Alma con las personas que nos rodean.</p>
<p class="p1">Alma es sonrisa, disfrute, conocimiento y aprendizaje.</p>
								</div>
				</div>
				</div>
		<div class="elementor-element elementor-element-8133995 e-con-full e-flex e-con e-child" data-id="8133995" data-element_type="container" data-e-type="container" data-settings="{&quot;background_background&quot;:&quot;classic&quot;}">
				<div class="elementor-element elementor-element-a524166 elementor-view-default elementor-widget elementor-widget-icon" data-id="a524166" data-element_type="widget" data-e-type="widget" data-widget_type="icon.default">
				<div class="elementor-widget-container">
							<div class="elementor-icon-wrapper">
			<div class="elementor-icon">
			<svg xmlns="http://www.w3.org/2000/svg" xmlns:xlink="http://www.w3.org/1999/xlink" id="Capa_1" x="0px" y="0px" viewBox="0 0 425.2 198.4" style="enable-background:new 0 0 425.2 198.4;" xml:space="preserve"> <style type="text/css"> .st0{clip-path:url(#SVGID_2_);} </style> <path d="M336.9,88.7l15.2-43l15.1,43H336.9z M388.8,116.2l-30.5-83.6c-0.4-1-1.2-1.5-2.2-1.5h-7.8c-1,0-1.9,0.5-2.2,1.5l-30.5,83.6 c-0.5,1.2,0.1,2.1,1.5,2.1h8c1,0,1.7-0.4,2.1-1.5l6.4-18.1h37.5l6.4,18.1c0.4,1.1,1.1,1.5,2.1,1.5h8 C388.6,118.3,389.3,117.4,388.8,116.2 M293.6,46.9h-10.1c-1,0-1.9,0.4-2.2,1.2l-30,72.8L221,48.1c-0.4-0.9-1.2-1.2-2.2-1.2h-9.8 c-1.1,0-1.9,0.7-1.9,1.9v83.5c0,1.1,0.7,1.9,1.9,1.9h7.8c1.1,0,1.9-0.7,1.9-1.9V69.4l26.5,63.3c0.4,1,1.1,1.4,2.1,1.4h7.7 c1,0,1.7-0.4,2.1-1.4l26.8-63.9v63.4c0,1.1,0.7,1.9,1.9,1.9h7.8c1.1,0,1.9-0.7,1.9-1.9V48.8C295.5,47.6,294.7,46.9,293.6,46.9 M183.6,139.3h-31.5V64.5c0-1.1-0.7-1.9-1.9-1.9h-7.8c-1.1,0-1.9,0.7-1.9,1.9V148c0,1.1,0.7,1.9,1.9,1.9h41.2c1.1,0,1.9-0.7,1.9-1.9 v-6.9C185.4,140,184.7,139.3,183.6,139.3 M68.7,136l15.2-43L99,136H68.7z M120.5,163.6L90,80c-0.4-1-1.2-1.5-2.2-1.5h-7.8 c-1,0-1.9,0.5-2.2,1.5l-30.5,83.6c-0.5,1.2,0.1,2.1,1.5,2.1h8c1,0,1.7-0.4,2.1-1.5l6.4-18.1h37.5l6.4,18.1c0.4,1.1,1.1,1.5,2.1,1.5 h8C120.4,165.7,121,164.8,120.5,163.6"></path> </svg>			</div>
		</div>
						</div>
				</div>
				</div>
				</div>
				</div>

<p>Quienes somos Alma es una entidad con un mismo ideal: igualdad y empoderamiento. Con una amplia experiencia, hemos logrado crear, apoyar y dirigir diversos proyectos que abarcan la música, la gastronomía, la tierra, la naturaleza y, lo más importante, las personas. Llevamos trabajando en el mundo de la cultura desde finales de los años 90, [&hellip;]</p>
